{"id":62,"date":"2018-01-30T11:04:00","date_gmt":"2018-01-30T10:04:00","guid":{"rendered":"http:\/\/lecoledelamusique.be\/?page_id=62"},"modified":"2024-09-16T16:41:23","modified_gmt":"2024-09-16T14:41:23","slug":"qui-sommes-nous-2","status":"publish","type":"page","link":"https:\/\/www.lecoledelamusique.be\/?page_id=62","title":{"rendered":"Qui sommes nous ? Notre charte \u00e9thique"},"content":{"rendered":"\n<h2 class=\"wp-block-heading has-text-align-center\">&nbsp;<\/h2>\n\n\n\n<p><strong>BARAKAT <\/strong>Sara (chant et violon), <strong>DELLICOUR<\/strong> Mat\u00e9o (piano, guitare, ukul\u00e9l\u00e9), <strong>DOORE<\/strong> Sebastien (piano, batterie, M.A.O, yoga ), <strong>GOEFFERS-DEVUYST <\/strong>Nina (piano), <strong>GOUFAN<\/strong> Mah\u00e9 (chant),  <strong>HARRIS <\/strong> Nicholas (piano, flute, guitare et \u00e9veil) <strong>HAUBEN <\/strong>Pascal (basse, guitare, batterie), <strong>JANSSENS<\/strong> Jeremy (M.A.O), <strong>LAMBRECHT <\/strong>Xavier (guitare, basse, ukul\u00e9l\u00e9), <strong>LERICHE<\/strong> Adeline (piano, \u00e9veil et section adapt\u00e9e), <strong>BERTINO<\/strong> Louise (violoncelle et \u00e9veil). <\/p>\n\n\n\n<div class=\"wp-block-columns is-layout-flex wp-container-2 wp-block-columns-is-layout-flex\">\n<div class=\"wp-block-column is-layout-flow wp-block-column-is-layout-flow\"><\/div>\n<\/div>\n\n\n\n<figure class=\"wp-block-image size-full\"><img decoding=\"async\" loading=\"lazy\" width=\"1024\" height=\"614\" src=\"https:\/\/www.lecoledelamusique.be\/wp-content\/uploads\/2021\/09\/cropped-hands-4062071-1-1024x614-1.jpg\" alt=\"\" class=\"wp-image-284\" srcset=\"https:\/\/www.lecoledelamusique.be\/wp-content\/uploads\/2021\/09\/cropped-hands-4062071-1-1024x614-1.jpg 1024w, https:\/\/www.lecoledelamusique.be\/wp-content\/uploads\/2021\/09\/cropped-hands-4062071-1-1024x614-1-300x180.jpg 300w, https:\/\/www.lecoledelamusique.be\/wp-content\/uploads\/2021\/09\/cropped-hands-4062071-1-1024x614-1-768x461.jpg 768w\" sizes=\"(max-width: 1024px) 100vw, 1024px\" \/><\/figure>\n\n\n\n<div class=\"wp-block-columns is-layout-flex wp-container-4 wp-block-columns-is-layout-flex\">\n<div class=\"wp-block-column is-layout-flow wp-block-column-is-layout-flow\"><\/div>\n<\/div>\n\n\n\n<div class=\"wp-block-columns is-layout-flex wp-container-7 wp-block-columns-is-layout-flex\">\n<div class=\"wp-block-column is-layout-flow wp-block-column-is-layout-flow\"><\/div>\n\n\n\n<div class=\"wp-block-column is-layout-flow wp-block-column-is-layout-flow\" style=\"flex-basis:100%\">\n<p><br>Nous sommes une \u00e9quipe p\u00e9dagogique passionn\u00e9e par la musique et l\u2019enseignement.<br>Pour nous, \u00eatre professeur, c\u2019est \u00eatre \u00e0 l\u2019\u00e9coute des \u00e9l\u00e8ves dont nous avons la charge, de partager notre savoir avec eux dans le plaisir et la bonne humeur, d\u2019\u00eatre cr\u00e9atif, disponible, enthousiaste, sans cesse en recherche de r\u00e9pertoire, de m\u00e9thode, d\u2019outils adapt\u00e9s aux besoins des \u00e9l\u00e8ves.<br>Chaque \u00e9l\u00e8ve est unique et nous donne l\u2019opportunit\u00e9 de d\u00e9montrer notre savoir-faire pour le conduire \u00e0 l\u2019amour de la musique par le biais de l\u2019apprentissage intelligent, ludique et efficace d\u2019un instrument.<br>Notre devoir est d\u2019instaurer le dialogue, dans un climat de confiance r\u00e9ciproque avec les \u00e9l\u00e8ves et aussi avec les parents de nos jeunes \u00e9l\u00e8ves dans le cadre de L\u2019\u00c9cole de la Musique.<br>L\u2019approche humaine, qui tient compte des comp\u00e9tences de chacun, permet de d\u00e9velopper un cadre propice \u00e0 l\u2019\u00e9panouissement personnel et professionnel.<br><\/p>\n<\/div>\n<\/div>\n\n\n\n<div class=\"wp-block-columns is-layout-flex wp-container-9 wp-block-columns-is-layout-flex\">\n<div class=\"wp-block-column is-layout-flow wp-block-column-is-layout-flow\"><\/div>\n<\/div>\n\n\n\n<p><strong>Notre fondatrice : <\/strong><\/p>\n\n\n\n<p>Monique Dekeyser, fondatrice de \u00ab L\u2019\u00e9cole de la Musique \u00bb a \u00e9t\u00e9 form\u00e9e par deux p\u00e9dagogues d\u2019exception : Jeanine Kinet, laur\u00e9ate du concours Reine Elisabeth et Robert Reda\u00eblli, professeur au conservatoire Royal de Musique de Mons et ensuite au Conservatoire Royal de Musique de Bruxelles, d\u00e9c\u00e9d\u00e9 ce 28 octobre 2011.<\/p>\n\n\n\n<p>Elle a eu le bonheur de pouvoir d\u00e9velopper ses id\u00e9es avant-gardistes dans une \u00e9cole priv\u00e9e, l\u2019\u00e9cole Reda\u00eblli, qu\u2019elle a dirig\u00e9 pendant plus de 30 ans.<\/p>\n\n\n\n<p>Elle se retire en 2019 et laisse la direction de l&rsquo;\u00e9cole \u00e0 Jeremy Janssens ancien \u00e9l\u00e8ve lui aussi de Robert Reda\u00eblli.<\/p>\n","protected":false},"excerpt":{"rendered":"<p>&nbsp; BARAKAT Sara (chant et violon), DELLICOUR Mat\u00e9o (piano, guitare, ukul\u00e9l\u00e9), DOORE Sebastien (piano, batterie, M.A.O, yoga ), GOEFFERS-DEVUYST Nina (piano), GOUFAN Mah\u00e9 (chant), HARRIS Nicholas (piano, flute, guitare et \u00e9veil) HAUBEN Pascal (basse, guitare, batterie), JANSSENS Jeremy (M.A.O), LAMBRECHT Xavier (guitare, basse, ukul\u00e9l\u00e9), LERICHE&nbsp;<a class=\"read-more\" href=\"https:\/\/www.lecoledelamusique.be\/?page_id=62\">&hellip;<\/a><\/p>\n","protected":false},"author":1,"featured_media":0,"parent":0,"menu_order":0,"comment_status":"closed","ping_status":"closed","template":"","meta":{"footnotes":""},"_links":{"self":[{"href":"https:\/\/www.lecoledelamusique.be\/index.php?rest_route=\/wp\/v2\/pages\/62"}],"collection":[{"href":"https:\/\/www.lecoledelamusique.be\/index.php?rest_route=\/wp\/v2\/pages"}],"about":[{"href":"https:\/\/www.lecoledelamusique.be\/index.php?rest_route=\/wp\/v2\/types\/page"}],"author":[{"embeddable":true,"href":"https:\/\/www.lecoledelamusique.be\/index.php?rest_route=\/wp\/v2\/users\/1"}],"replies":[{"embeddable":true,"href":"https:\/\/www.lecoledelamusique.be\/index.php?rest_route=%2Fwp%2Fv2%2Fcomments&post=62"}],"version-history":[{"count":5,"href":"https:\/\/www.lecoledelamusique.be\/index.php?rest_route=\/wp\/v2\/pages\/62\/revisions"}],"predecessor-version":[{"id":489,"href":"https:\/\/www.lecoledelamusique.be\/index.php?rest_route=\/wp\/v2\/pages\/62\/revisions\/489"}],"wp:attachment":[{"href":"https:\/\/www.lecoledelamusique.be\/index.php?rest_route=%2Fwp%2Fv2%2Fmedia&parent=62"}],"curies":[{"name":"wp","href":"https:\/\/api.w.org\/{rel}","templated":true}]}}